{"id":3149,"date":"2020-05-15T04:41:23","date_gmt":"2020-05-15T04:41:23","guid":{"rendered":"https:\/\/pacnjdiv.myftp.org\/?page_id=3149"},"modified":"2021-06-09T00:38:07","modified_gmt":"2021-06-09T04:38:07","slug":"instructions1","status":"publish","type":"page","link":"https:\/\/pacnjdiv.myftp.org\/index.php\/instructions1\/","title":{"rendered":"Instructions1"},"content":{"rendered":"<p>[vc_row][vc_column][vc_column_text]<\/p>\n<h3>U.S. Senate 117<br \/>\nMembers of the Committee on Foreign Affairs<\/h3>\n<table class=\"contenttext\" border=\"0\" width=\"100%\" cellspacing=\"3\" cellpadding=\"3\">\n<tbody>\n<tr>\n<th align=\"left\" width=\"50%\">Majority Members (11)<\/th>\n<th align=\"left\" width=\"50%\">Minority Members (11)<\/th>\n<\/tr>\n<tr>\n<td valign=\"top\" nowrap=\"nowrap\"><a href=\"https:\/\/www.menendez.senate.gov\/contact\">Menendez, Robert (NJ)<\/a>,\u00a0<em>Chairman<\/em><br \/>\n<a href=\"https:\/\/www.cardin.senate.gov\/contact\/email-ben\">Cardin, Benjamin L. (MD)<\/a><br \/>\n<a href=\"https:\/\/www.shaheen.senate.gov\/contact\/contact-jeanne\">Shaheen, Jeanne (NH)<\/a><br \/>\n<a href=\"https:\/\/www.coons.senate.gov\/contact\/share-your-opinion\">Coons, Christopher A. (DE)<\/a><br \/>\n<a href=\"https:\/\/www.murphy.senate.gov\/contact\">Murphy, Christopher (CT)<\/a><br \/>\n<a href=\"https:\/\/www.kaine.senate.gov\/contact\/share-your-opinion\">Kaine, Tim (VA)<\/a><br \/>\n<a href=\"https:\/\/www.markey.senate.gov\/contact\">Markey, Edward J. (MA)<\/a><br \/>\n<a href=\"https:\/\/www.merkley.senate.gov\/contact\/\">Merkley, Jeff (OR)<\/a><br \/>\n<a href=\"https:\/\/www.booker.senate.gov\/contact\/write-to-cory\">Booker, Cory A. (NJ)<\/a><br \/>\n<a href=\"https:\/\/www.schatz.senate.gov\/contact\">Schatz, Brian (HI)<\/a><br \/>\n<a href=\"https:\/\/www.vanhollen.senate.gov\/contact\/email\">Van Hollen, Chris (MD)<\/a><\/td>\n<td valign=\"top\" nowrap=\"nowrap\"><a href=\"http:\/\/www.risch.senate.gov\/public\/index.cfm?p=Email\">Risch, James E. (ID)<\/a>,\u00a0<em>Ranking Member<\/em><br \/>\n<a href=\"http:\/\/www.rubio.senate.gov\/public\/index.cfm\/contact\">Rubio, Marco (FL)<\/a><br \/>\n<a href=\"https:\/\/www.ronjohnson.senate.gov\/public\/index.cfm\/email-the-senator\">Johnson, Ron (WI)<\/a><br \/>\n<a href=\"https:\/\/www.romney.senate.gov\/contact-senator-romney\">Romney, Mitt (UT)<\/a><br \/>\n<a href=\"https:\/\/www.portman.senate.gov\/public\/index.cfm\/contact?p=contact-form\">Portman, Rob (OH)<\/a><br \/>\n<a href=\"https:\/\/www.paul.senate.gov\/connect\/email-rand\">Paul, Rand (KY)<\/a><br \/>\n<a href=\"https:\/\/www.young.senate.gov\/contact\/email-todd\">Young, Todd (IN)<\/a><br \/>\n<a href=\"https:\/\/www.barrasso.senate.gov\/public\/index.cfm\/contact-form\">Barrasso, John (WY)<\/a><br \/>\n<a href=\"https:\/\/www.cruz.senate.gov\/?p=form&amp;id=16\">Cruz, Ted (TX)<\/a><br \/>\n<a href=\"https:\/\/www.rounds.senate.gov\/contact\/email-mike\">Rounds, Mike (SD)<\/a><br \/>\n<a href=\"https:\/\/www.hagerty.senate.gov\/\">Hagerty, Bill (TN)<\/a><\/td>\n<\/tr>\n<\/tbody>\n<\/table>\n<p style=\"text-align: center;\">Current contact information for <strong>all<\/strong> US Senators can be found in<\/p>\n<p style=\"text-align: center;\"><a href=\"https:\/\/www.senate.gov\/senators\/contact\">https:\/\/www.senate.gov\/senators\/contact<\/a>.<\/p>\n<p>[\/vc_column_text][vc_tta_tabs color=&#8221;sky&#8221; active_section=&#8221;1&#8243;][vc_tta_section title=&#8221;Contacting the Senators via a message on their Web sites&#8221; tab_id=&#8221;1589591099394-e48ac34b-ad0a&#8221;][vc_column_text]It would be best to concentrate first on the members of the Subcommittee on Europe and Regional Security Cooperation, whose names are given in <strong>boldface<\/strong> above. \u00a0<strong>Asterisks<\/strong> denote key persons of our interest.<\/p>\n<p>Common knowledge has it that elected representatives listen far more carefully (if not only) to their own constituents, so after contacting all the Seantors from the list above, once you are familiar with the process, don&#8217;t forget to write the Senators from your State.\u00a0 Go to <a href=\"https:\/\/www.senate.gov\/senators\/contact\" target=\"_blank\" rel=\"noopener noreferrer\">https:\/\/www.senate.gov\/senators\/contact<\/a> to find your Senators&#8217; contact addresses.<\/p>\n<p>To spare yourself long typing, we suggest that you first go to the tab (usually preceding) which contains the essence of our request, select the entire text and copy (Ctrl-C in Windows, or right-click in the selected area and choose \u201cCopy\u201d).<\/p>\n<p>Clicking on a Senator\u2019s name above will bring you to the respective Senator\u2019s Contact page, but these are diversified.\u00a0 Usually you have to choose the Topic (sometimes called Area of interest, or similarly) from a drop-down menu, choose something like \u201cForeign Affairs\u201d or \u201cForeign Relations\u201d.\u00a0 You have to introduce yourself: enter your name, address, zip, etc. but you do not necessarily need to fill out everything, just the fields which are marked as mandatory, usually with an asterisk (star) or a dot.\u00a0 If you have a chance to enter a Subject line, write \u201cS.R. 556 Katyn Resolution\u201d (or similar).\u00a0 Proceed to the large empty rectangle, usually labeled \u201cComments\u201d or \u201cEnter your text\u201d; click in it and paste our text (Ctrl-V in Windows).\u00a0 Usually these messages are limited in size, usually to 1500 characters, so the full version of your Protest would not fit, and you need to limit the message to the most essential parts.\u00a0 Please remember to write in the correct Senator\u2019s name before the comma in the \u201cDear Senator ,\u201c salutation at the top of your message.<\/p>\n<p>On some Contact pages you need to complete a little test (called Capcha) \u201cto prove that you are not a robot\u201d; sometimes it suffices to click the box, sometimes you are taken to a simple task such as selecting a few pictures from among a dozen, as per instructions.\u00a0 That is necessary for your message to go through.<\/p>\n<p>If you see a \u201cPlease reply\u201d box, you may want to check it, so you will receive feedback.[\/vc_column_text][\/vc_tta_section][vc_tta_section title=&#8221;Kontaktowanie si\u0119 z senatorami przez ich strony internetowe&#8221; tab_id=&#8221;1589591099425-99425860-c803&#8243;][vc_column_text]Skoncentrujmy si\u0119 najpierw na cz\u0142onkach Podkomitetu ds. Europy i Regionalnej Wsp\u00f3\u0142pracy ws. Bezpiecze\u0144stwa, kt\u00f3rych nazwiska podano pogrubion\u0105 czcionk\u0105 powy\u017cej.\u00a0 Gwiazdki oznaczaj\u0105 kluczowe osoby b\u0119d\u0105ce przedmiotem naszego zainteresowania.<\/p>\n<p>Powszechnie wiadomo, \u017ce wybrani przedstawiciele s\u0142uchaj\u0105 o wiele uwa\u017cniej (a mo\u017ce wy\u0142\u0105cznie) swoich wyborc\u00f3w, wi\u0119c po skontaktowaniu si\u0119 ze wszystkimi Seantorami z powy\u017cszej listy, gdy ju\u017c oswoisz si\u0119 z tym procesem, napisz koniecznie do\u00a0 Senator\u00f3w z twojego Stanu.\u00a0 Adresy kontaktowe wszystkich senator\u00f3w mo\u017cna znale\u017a\u0107 na https:\/\/www.senate.gov\/senators\/contact .<\/p>\n<p>Aby zaoszcz\u0119dzi\u0107 sobie d\u0142ugiego pisania, sugerujemy najpierw przej\u015b\u0107 do zak\u0142adki (zwykle po lewej) kt\u00f3ra zawiera nasz postulat w skondensowanej formie, zaznaczy\u0107 ca\u0142y tekst i skopiowa\u0107 (Ctrl-C w systemie Windows, lub klikn\u0105\u0107 prawym przyciskiem myszy wybrany obszar i wybra\u0107 \u201eKopiuj\u201d).<\/p>\n<p>Klikni\u0119cie nazwiska senatora w li\u015bcie powy\u017cej spowoduje przej\u015bcie do odpowiedniej strony kontaktowej senatora, ale te s\u0105\u00a0 zr\u00f3\u017cnicowane.\u00a0 Zwykle musisz wybra\u0107 &#8220;Topic&#8221;&#8221; (czasami nazywany &#8220;Area of interest&#8221; lub podobnie) z menu rozwijanego, wybra\u0107 co\u015b takiego jak \u201eForeign Affairs\u201d lub \u201eForeign Relations\u201d.\u00a0 Musisz si\u0119 przedstawi\u0107: wpisz swoje imi\u0119 i nazwisko, adres, kod pocztowy itp., ale niekoniecznie musisz wype\u0142ni\u0107 wszystko, tylko pola oznaczone jako obowi\u0105zkowe (zwykle gwiazdk\u0105 lub kropk\u0105).\u00a0 Je\u015bli widzisz pole &#8220;Subject&#8221;, wprowad\u0107 tam \u201eS.R. 556 Katyn Resolution\u201d (lub podobny).\u00a0 Przejd\u017a do du\u017cego pustego prostok\u0105ta, zwykle oznaczonego \u201eComments\u201d lub \u201eEnter your text\u201d; kliknij w tym polu i wklej tam nasz Protest (Ctrl-V w Windows).\u00a0 Zwykle te pola maj\u0105 ograniczony rozmiar, zwykle do 1500 znak\u00f3w, wi\u0119c pe\u0142na wersja Protestu by si\u0119 nie zmie\u015bci\u0142a, a musimy ograniczy\u0107 si\u0119 do najbardziej istotnych stwierdze\u0144.\u00a0\u00a0 Pami\u0119taj, aby wpisa\u0107 poprawne imi\u0119 i nazwisko senatora przed\u00a0 przecinkiem w \u201eDear Senator\u201d, w pozdrowieniu na pocz\u0105tku wiadomo\u015bci.<\/p>\n<p>Na niekt\u00f3rych stronach Kontakt\u00f3w musisz wykona\u0107 ma\u0142y test (zwany Capcha) \u201ew celu udowodnienia, \u017ce \u200b\u200bnie jeste\u015b robotem\u201d; czasami wystarczy klik w kratce, a czasem trzeba wykona\u0107 proste zadanie, takie jak wybranie kilku zdj\u0119\u0107 spo\u015br\u00f3d kilkunastu, zgodnie z instrukcjami.\u00a0 Jest to konieczne, aby wiadomo\u015b\u0107 mog\u0142a si\u0119 przedosta\u0107.<\/p>\n<p>Je\u015bli zobaczysz pole \u201ePlease reply\u201d czy &#8220;I woud like a response&#8221;, zaznacz je aby odpowied\u017a otrzyma\u0107.[\/vc_column_text][\/vc_tta_section][\/vc_tta_tabs][\/vc_column][\/vc_row]<\/p>\n","protected":false},"excerpt":{"rendered":"<p>[vc_row][vc_column][vc_column_text] U.S. Senate 117 Members of the Committee on Foreign Affairs Majority Members (11) Minority Members (11) Menendez, Robert (NJ),\u00a0Chairman Cardin, Benjamin L. (MD) Shaheen, Jeanne (NH) Coons, Christopher A. (DE) Murphy, Christopher (CT) Kaine, Tim (VA) Markey, Edward J. (MA) Merkley, Jeff (OR) Booker, Cory A. (NJ) Schatz, Brian (HI) Van Hollen, Chris (MD) [&hellip;]<\/p>\n","protected":false},"author":9,"featured_media":0,"parent":0,"menu_order":0,"comment_status":"closed","ping_status":"closed","template":"","meta":{"om_disable_all_campaigns":false,"_monsterinsights_skip_tracking":false,"_monsterinsights_sitenote_active":false,"_monsterinsights_sitenote_note":"","_monsterinsights_sitenote_category":0,"footnotes":""},"_links":{"self":[{"href":"https:\/\/pacnjdiv.myftp.org\/index.php\/wp-json\/wp\/v2\/pages\/3149"}],"collection":[{"href":"https:\/\/pacnjdiv.myftp.org\/index.php\/wp-json\/wp\/v2\/pages"}],"about":[{"href":"https:\/\/pacnjdiv.myftp.org\/index.php\/wp-json\/wp\/v2\/types\/page"}],"author":[{"embeddable":true,"href":"https:\/\/pacnjdiv.myftp.org\/index.php\/wp-json\/wp\/v2\/users\/9"}],"replies":[{"embeddable":true,"href":"https:\/\/pacnjdiv.myftp.org\/index.php\/wp-json\/wp\/v2\/comments?post=3149"}],"version-history":[{"count":6,"href":"https:\/\/pacnjdiv.myftp.org\/index.php\/wp-json\/wp\/v2\/pages\/3149\/revisions"}],"predecessor-version":[{"id":21775,"href":"https:\/\/pacnjdiv.myftp.org\/index.php\/wp-json\/wp\/v2\/pages\/3149\/revisions\/21775"}],"wp:attachment":[{"href":"https:\/\/pacnjdiv.myftp.org\/index.php\/wp-json\/wp\/v2\/media?parent=3149"}],"curies":[{"name":"wp","href":"https:\/\/api.w.org\/{rel}","templated":true}]}}